 = 272 - 129. Let b(j) = j**3 - 40*j**2 - 43*j + 100. What is the remainder when u is divided by b(41)?
17
Let h = 1042 - 707. Calculate the remainder when h is divided by 26.
23
Suppose 22*k - 864 = -14*k. Calculate the remainder when 95 is divided by k.
23
Suppose 2*k = 6*k - 24. Suppose 2*j - h - 2 = 0, 5*j - 2*h - 8 = -3. Calculate the remainder when k is divided by 15 - 10 - j/1.
2
Calculate the remainder when (34 + 10)/(-4) + 220 is divided by 65.
14
Let p(a) = 3*a + 10. What is the remainder when p(11) is divided by 14?
1
Suppose -92*o + 65*o + 999 = 0. Suppose -h + 5*z = -3*h + 42, 2*h - 4*z = 42. Calculate the remainder when o is divided by h.
16
Suppose 0 = 18*q - 20*q + 10, 4*j - 74 = 2*q. Calculate the remainder when 30 is divided by j.
9
Suppose -35*y + 3 = -34*y. Suppose 5*b = -4*v + 1, 13 = b - 3*v + 7*v. What is the remainder when ((-20)/12)/(b/9) is divided by y?
2
Let j = 799 - 768. What is the remainder when 122 is divided by j?
29
Let z = 79 - -18. What is the remainder when z is divided by 27?
16
Suppose -5*b = -97 - 38. Suppose v - 4*v = -b. Let k(r) = -r**2 + 14*r - 6. Calculate the remainder when k(v) is divided by 14.
11
Suppose -55 + 15 = -2*x. Let s be (2 - -1)*(-2)/(-6). Let v = s + x. What is the remainder when 60 is divided by v?
18
Let b be 4 - 0 - 0/1. Suppose b*u - 680 = -6*u. What is the remainder when u is divided by 23?
22
Let m = 42 - -42. Suppose -4*f + m = x + f, 2*f = 5*x - 555. Let t = x + -30. What is the remainder when t is divided by 20?
19
Let o(i) = 10*i + 12. What is the remainder when 135 is divided by o(5)?
11
Let h be (-1)/(-4) + 4*(-95)/(-80). Suppose 3*b - 2 = h*m + 3, 0 = -b + m + 5. Calculate the remainder when 28 is divided by b.
8
What is the remainder when 61 is divided by (-1 - (-3 + (-25)/(-10)))*-34?
10
Let h = 853 + -850. Suppose -4*u + 9 = -u. What is the remainder when h is divided by u?
0
Let l = 42 - 40. Suppose f + f = 4, l*f + 30 = 2*k. What is the remainder when 49 is divided by k?
15
Let a be 7/(-4)*(1 + 27). Let t be (42/a)/((-2)/84). What is the remainder when 20 is divided by (-3)/((-3)/t*3)?
8
Let l(s) = 30*s - 238. Calculate the remainder when l(16) is divided by 35.
32
Let f(h) = 4*h**2 - 67*h + 33. What is the remainder when f(18) is divided by 44?
35
Let p = -543 + 870. Calculate the remainder when p is divided by 65.
2
Let h(d) = d**2 + 5*d - 1. Suppose 2*k - 5*y = -29, k - 5*y = -y - 19. Let p(w) = -4*w + 101. What is the remainder when p(16) is divided by h(k)?
11
Suppose -4*s = -5*s + 90. Let d = -53 + s. Calculate the remainder when d is divided by 13.
11
Suppose 5*a = -4*j + 776, 2*a + 6*j = j + 307. Calculate the remainder when a is divided by 20.
16
Let l(k) = -k. Let f be l(-3). Let t = f + 5. Suppose -6*z = -54 - 120. Calculate the remainder when z is divided by t.
5
Let i = -187 - -210. What is the remainder when 183 is divided by i?
22
Let g(h) = 5*h**2 - h. Calculate the remainder when g(3) is divided by 24.
18
Suppose -85*g = -2046 - 1269. What is the remainder when 1363 is divided by g?
37
Let q(r) = r**3 + 4*r + 72 - 3*r - 13. Let h = -217 + 217. Calculate the remainder when q(h) is divided by 15.
14
Let z(q) = -q**3 + 5*q**2 + 41*q - 9. Calculate the remainder when 321 is divided by z(9).
33
Let v(y) = y**2 + y + 9. Calculate the remainder when 97 is divided by v(-4).
13
Suppose 31*b - 189 = 431. What is the remainder when 733 is divided by b?
13
Suppose 4*z - 14 + 50 = 0. Let i = z - -27. Calculate the remainder when 53 is divided by i.
17
Let p(r) = r**3 + 7*r**2 + 8*r + 7. Let x = 54 - 93. Let h = x - -43. Calculate the remainder when p(-5) is divided by h.
1
Let s(h) = 3*h - 4. Suppose 0 = -116*i - 8*i + 3472. What is the remainder when i is divided by s(5)?
6
Let i(x) = -x**2 + 9*x - 1. Let c(w) = w**3 + 13*w**2 - 12*w - 5. Let d be c(-14). Let b = d + 40. What is the remainder when i(5) is divided by b?
5
Let b be 56/(-10) + 2/(-5). Let a(t) = -t + 9. Calculate the remainder when a(b) is divided by 5.
0
Let p(u) = u**3 + 2 + u - u + 6*u**2. Calculate the remainder when p(-5) is divided by ((-6)/(-5))/(-7 - 708/(-100)).
12
Let n = -218 + 253. Let d = -12 + 21. Calculate the remainder when n is divided by d.
8
Let o(m) = -m + 28. What is the remainder when (910/21)/((-4)/(-6)) is divided by o(11)?
14
Let c = 27 - -6. Let k = c - 23. Suppose 0 = -5*w + k + 10. Calculate the remainder when 6 is divided by w.
2
Suppose 2*d + 26 = b + 12, -d - 77 = -4*b. What is the remainder when 41 is divided by b?
1
Suppose 74*s - 77*s = -81. Calculate the remainder when 47 is divided by s.
20
Suppose -5*g = 597 - 1477. Suppose -4*c + g = -0*c. Let y = 84 - c. Calculate the remainder when 78 is divided by y.
38
Let h(r) = -r**2 + 19. Let m be (177 - 1) + -1 + 4. Let j = 252 - m. What is the remainder when j is divided by h(0)?
16
Let a be 15/4 + (-1)/(-4). Suppose 4 = -a*z - 4. Let j = 31 + z. Calculate the remainder when 84 is divided by j.
26
Let w = 26 + -5. Suppose -f = 5*v - v - 2000, -2*v = 2*f - 1000. Calculate the remainder when v/6 + (-3)/9 is divided by w.
20
Suppose 5*i - 81 = -5*f + 69, 4*i = f - 25. Let l = -73 + 157. What is the remainder when l is divided by f?
26
Let d(c) = c**2 - 18*c - 62. What is the remainder when 311 is divided by d(23)?
46
Suppose 5*y = -0*y + 130. Let r be (-30)/2 - 4/(12/(-9)). Let x = r + y. Calculate the remainder when 53 is divided by x.
11
Suppose 3*y - 34 = -4*p, 0 = 13*y - 15*y - 2*p + 22. Calculate the remainder when 16 is divided by y.
6
Let j(o) = -o**2 + 8*o - 9. Suppose 9 = 6*x - 27. What is the remainder when x is divided by j(6)?
0
Let d be (-1)/5 + 228/15. Suppose 3*o = 8*o - d. Suppose -50 = -5*i + o*z + 5, 3*z = 4*i - 44. Calculate the remainder when 53 is divided by i.
9
Let c(b) = -b**3 + b**2 - b + 18. Let s(m) = m**3 + 3*m**2 - 4*m. Let l be s(3). Suppose -l - 29 = -w. Calculate the remainder when w is divided by c(0).
17
Let o = 2785 + -2020. Calculate the remainder when o is divided by 77.
72
Suppose -5*d - 2*m = 3*m - 340, 0 = -4*d - m + 257. Calculate the remainder when (4 - (-1 + 3))/(6/d) is divided by 11.
10
Let w = -4071 + 4086. Calculate the remainder when (9/(-2))/((-2)/12) is divided by w.
12
Suppose -12*h + 591 = 207. Calculate the remainder when 67 is divided by h.
3
Suppose -p + 2*i - 6 = 0, -6*i = -3*i + 9. Calculate the remainder when (-330)/p + 3/(-6) is divided by 14.
13
Let l(a) = a + 2. Let b(h) = -2*h - 18. Let j be b(-10). Suppose -4*t - n - j*n = -35, -2*t = 2*n - 16. What is the remainder when t is divided by l(5)?
4
Let m(f) = 26*f**2 - 4*f - 5. What is the remainder when 93 is divided by m(-1)?
18
Suppose -u - 4*a + 28 = 3*u, 0 = 2*u + 4*a - 8. Calculate the remainder when 87 is divided by u.
7
Let u be (-3)/(-7) + ((-696)/(-7))/(-8). Let r(v) = -v**3 - 12*v**2 - 4*v - 19. Calculate the remainder when 46 is divided by r(u).
17
Suppose 12*a = 14 + 322. Calculate the remainder when 443 is divided by a.
23
Let c = -666 - -699. What is the remainder when 57 is divided by c?
24
Suppose -d + s = -47, -4*d - 242*s + 180 = -238*s. Calculate the remainder when d is divided by 24.
22
Suppose 8*b = 3*b + 55. What is the remainder when 41 is divided by b?
8
What is the remainder when 56 is divided by ((-21)/(-6))/((-49)/(-98))?
0
Let q = -115 - -124. What is the remainder when q is divided by 6?
3
Let r(z) = -z**3 - 10*z**2 - 10*z + 13. Suppose 3*i + 48 = a, 6*a = a - i + 320. What is the remainder when a is divided by r(-9)?
19
Suppose 30*z + 25*z = 715. What is the remainder when 28 is divided by z?
2
Suppose 2*j - 4*l - 33 - 7 = 0, 8 = 4*l. Calculate the remainder when 261 is divided by j.
21
Let j = 22 + 56. Let h = j - 62. Suppose 13 = 4*c - 7. What is the remainder when h is divided by c?
1
Suppose 7*x + 285 = 12*x. Suppose 0 = 3*l - 3*n - 16 - 44, -3*l + 2*n = -x. What is the remainder when 64 is divided by l?
13
Let x = -93 - -387. Calculate the remainder when x is divided by 74.
72
Let k(o) = -294*o - 68. What is the remainder when k(-2) is divided by 87?
85
Let p(t) = 25*t**3 - 15*t**2 + 21*t + 6. Calculate the remainder when p(2) is divided by 28.
20
Let a = 256 - 251. What is the remainder when 18 is divided by a?
3
Let w be (369/4)/(2/8) - 3. Suppose -2*u + 5*u + w = 5*f, -